{"id":478,"date":"2025-07-08T15:35:13","date_gmt":"2025-07-08T15:35:13","guid":{"rendered":"https:\/\/neu.physiopraxis-hollerbach.de\/?page_id=478"},"modified":"2025-07-25T08:17:19","modified_gmt":"2025-07-25T08:17:19","slug":"erwachsene","status":"publish","type":"page","link":"https:\/\/physiopraxis-hollerbach.de\/?page_id=478","title":{"rendered":"Erwachsene"},"content":{"rendered":"\n<div class=\"wp-block-cover alignfull is-light has-custom-content-position is-position-bottom-center\" style=\"min-height:560px;aspect-ratio:unset;\"><img loading=\"lazy\" decoding=\"async\" width=\"1024\" height=\"431\" class=\"wp-block-cover__image-background wp-image-579 size-large\" alt=\"\" src=\"https:\/\/physiopraxis-hollerbach.de\/wp-content\/uploads\/2025\/07\/Webseite-Hollerbach-2-1-1024x431.png\" data-object-fit=\"cover\" srcset=\"https:\/\/physiopraxis-hollerbach.de\/wp-content\/uploads\/2025\/07\/Webseite-Hollerbach-2-1-1024x431.png 1024w, https:\/\/physiopraxis-hollerbach.de\/wp-content\/uploads\/2025\/07\/Webseite-Hollerbach-2-1-300x126.png 300w, https:\/\/physiopraxis-hollerbach.de\/wp-content\/uploads\/2025\/07\/Webseite-Hollerbach-2-1-768x323.png 768w, https:\/\/physiopraxis-hollerbach.de\/wp-content\/uploads\/2025\/07\/Webseite-Hollerbach-2-1.png 1366w\" sizes=\"auto, (max-width: 1024px) 100vw, 1024px\" \/><span aria-hidden=\"true\" class=\"wp-block-cover__background has-background-dim-10 has-background-dim\" style=\"background-color:#c7c6d0\"><\/span><div class=\"wp-block-cover__inner-container is-layout-flow wp-block-cover-is-layout-flow\">\n<h2 class=\"wp-block-heading\"><strong><mark style=\"background-color:rgba(0, 0, 0, 0);color:#ffffff\" class=\"has-inline-color\">Erwachsene<\/mark><\/strong><\/h2>\n<\/div><\/div>\n\n\n\n<p><span class=\"OYPEnA font-feature-liga-off font-feature-clig-off font-feature-calt-off text-decoration-none text-strikethrough-none white-space-prewrap\" style=\"white-space: normal; font-weight: 700; font-kerning: none;\"><\/span><\/p>\n\n\n\n<div class=\"wp-block-columns is-layout-flex wp-container-core-columns-is-layout-28f84493 wp-block-columns-is-layout-flex\">\n<div class=\"wp-block-column is-layout-flow wp-block-column-is-layout-flow\" style=\"flex-basis:33.33%\">\n<figure class=\"wp-block-image aligncenter size-large is-resized\"><img loading=\"lazy\" decoding=\"async\" width=\"683\" height=\"1024\" src=\"https:\/\/physiopraxis-hollerbach.de\/wp-content\/uploads\/2025\/07\/Kerstin-Burghard-Fotografie_Physio-Hollerbach-35-von-133-683x1024.jpg\" alt=\"\" class=\"wp-image-570\" style=\"width:212px;height:auto\" srcset=\"https:\/\/physiopraxis-hollerbach.de\/wp-content\/uploads\/2025\/07\/Kerstin-Burghard-Fotografie_Physio-Hollerbach-35-von-133-683x1024.jpg 683w, https:\/\/physiopraxis-hollerbach.de\/wp-content\/uploads\/2025\/07\/Kerstin-Burghard-Fotografie_Physio-Hollerbach-35-von-133-200x300.jpg 200w, https:\/\/physiopraxis-hollerbach.de\/wp-content\/uploads\/2025\/07\/Kerstin-Burghard-Fotografie_Physio-Hollerbach-35-von-133-768x1152.jpg 768w, https:\/\/physiopraxis-hollerbach.de\/wp-content\/uploads\/2025\/07\/Kerstin-Burghard-Fotografie_Physio-Hollerbach-35-von-133-1024x1536.jpg 1024w, https:\/\/physiopraxis-hollerbach.de\/wp-content\/uploads\/2025\/07\/Kerstin-Burghard-Fotografie_Physio-Hollerbach-35-von-133-1365x2048.jpg 1365w, https:\/\/physiopraxis-hollerbach.de\/wp-content\/uploads\/2025\/07\/Kerstin-Burghard-Fotografie_Physio-Hollerbach-35-von-133-scaled.jpg 1707w\" sizes=\"auto, (max-width: 683px) 100vw, 683px\" \/><\/figure>\n<\/div>\n\n\n\n<div class=\"wp-block-column is-layout-flow wp-block-column-is-layout-flow\" style=\"flex-basis:66.66%\">\n<h2 class=\"wp-block-heading\"><strong><strong><strong>F\u00fcr Erwachsene \u2013 gesund bewegen, nachhaltig st\u00e4rken<\/strong><\/strong><\/strong><\/h2>\n\n\n\n<div class=\"wp-block-columns is-layout-flex wp-container-core-columns-is-layout-28f84493 wp-block-columns-is-layout-flex\">\n<div class=\"wp-block-column is-layout-flow wp-block-column-is-layout-flow\">\n<p>Unser K\u00f6rper erz\u00e4hlt Geschichten \u2013 von Belastung, von Stress, von Gewohnheiten und vom Leben selbst. In unserer Praxis begleiten wir Erwachsene auf ihrem Weg zu mehr Beweglichkeit, Kraft und Wohlbefinden.<\/p>\n\n\n\n<p>Individuell abgestimmt, mit fundierter Physiotherapie und ganzheitlichem Blick.<\/p>\n\n\n\n<p>Ob akute Beschwerden, chronische Schmerzen oder der Wunsch, aktiv etwas f\u00fcr die eigene Gesundheit zu tun \u2013 wir nehmen uns Zeit, h\u00f6ren zu und entwickeln gemeinsam mit Ihnen ein passendes Therapiekonzept. Immer im Fokus: Ihre Ziele, Ihre Lebenssituation, Ihr K\u00f6rpergef\u00fchl.<\/p>\n<\/div>\n<\/div>\n<\/div>\n<\/div>\n\n\n\n<div class=\"wp-block-columns is-layout-flex wp-container-core-columns-is-layout-28f84493 wp-block-columns-is-layout-flex\">\n<div class=\"wp-block-column is-layout-flow wp-block-column-is-layout-flow\" style=\"flex-basis:66.66%\">\n<p>Je nach Thema kombinieren wir klassische Therapieformen mit kinesiologischen Elementen \u2013 besonders dann, wenn hinter wiederkehrenden Beschwerden mehr steckt als reine Struktur.<\/p>\n\n\n\n<p><strong>Unser Ziel:<\/strong><\/p>\n\n\n\n<p>Ihnen zu helfen, sich wieder zuhause zu f\u00fchlen im eigenen K\u00f6rper.<\/p>\n<\/div>\n\n\n\n<div class=\"wp-block-column is-layout-flow wp-block-column-is-layout-flow\" style=\"flex-basis:33.33%\">\n<figure class=\"wp-block-image aligncenter size-large is-resized\"><img loading=\"lazy\" decoding=\"async\" width=\"819\" height=\"1024\" src=\"https:\/\/physiopraxis-hollerbach.de\/wp-content\/uploads\/2025\/07\/Design-ohne-Titel-3-819x1024.png\" alt=\"\" class=\"wp-image-571\" style=\"width:252px;height:auto\" srcset=\"https:\/\/physiopraxis-hollerbach.de\/wp-content\/uploads\/2025\/07\/Design-ohne-Titel-3-819x1024.png 819w, https:\/\/physiopraxis-hollerbach.de\/wp-content\/uploads\/2025\/07\/Design-ohne-Titel-3-240x300.png 240w, https:\/\/physiopraxis-hollerbach.de\/wp-content\/uploads\/2025\/07\/Design-ohne-Titel-3-768x960.png 768w, https:\/\/physiopraxis-hollerbach.de\/wp-content\/uploads\/2025\/07\/Design-ohne-Titel-3.png 1080w\" sizes=\"auto, (max-width: 819px) 100vw, 819px\" \/><\/figure>\n<\/div>\n<\/div>\n\n\n\n<div class=\"wp-block-cover alignfull is-light\"><img loading=\"lazy\" decoding=\"async\" width=\"916\" height=\"1024\" class=\"wp-block-cover__image-background wp-image-474 size-large\" alt=\"\" src=\"https:\/\/physiopraxis-hollerbach.de\/wp-content\/uploads\/2025\/07\/Webseite-Hollerbach-4-916x1024.png\" data-object-fit=\"cover\" srcset=\"https:\/\/physiopraxis-hollerbach.de\/wp-content\/uploads\/2025\/07\/Webseite-Hollerbach-4-916x1024.png 916w, https:\/\/physiopraxis-hollerbach.de\/wp-content\/uploads\/2025\/07\/Webseite-Hollerbach-4-268x300.png 268w, https:\/\/physiopraxis-hollerbach.de\/wp-content\/uploads\/2025\/07\/Webseite-Hollerbach-4-768x859.png 768w, https:\/\/physiopraxis-hollerbach.de\/wp-content\/uploads\/2025\/07\/Webseite-Hollerbach-4.png 1366w\" sizes=\"auto, (max-width: 916px) 100vw, 916px\" \/><span aria-hidden=\"true\" class=\"wp-block-cover__background has-background-dim\" style=\"background-color:#ebe9f3\"><\/span><div class=\"wp-block-cover__inner-container is-layout-flow wp-block-cover-is-layout-flow\">\n<div class=\"wp-block-group alignfull is-layout-constrained wp-block-group-is-layout-constrained\">\n<p class=\"has-text-align-center has-large-font-size\"><strong>Unser Therapieangebot<\/strong><\/p>\n\n\n\n<div class=\"wp-block-cb-carousel-v2 cb-carousel-block\" data-cb-slides-per-view=\"1\" data-cb-slides-per-group=\"1\" data-cb-space-between=\"15\" data-cb-speed=\"300\" data-cb-navigation=\"true\" data-cb-pagination=\"true\" data-cb-breakpoints=\"{&quot;768&quot;:{&quot;slidesPerView&quot;:3,&quot;slidesPerGroup&quot;:1}}\"><div class=\"swiper\"><div class=\"cb-wrapper swiper-wrapper\">\n<div class=\"wp-block-cb-slide-v2 cb-slide swiper-slide\">\n<h2 class=\"wp-block-heading has-text-align-left\"><strong>Bobath Therapie<\/strong><br><\/h2>\n\n\n\n<p><mark style=\"background-color:rgba(0, 0, 0, 0)\" class=\"has-inline-color has-ast-global-color-2-color\">ein ganzheitliches Konzept, das davon ausgeht, dass sich das Gehirn nach einer neurologischen Erkrankung umorganisieren kann.<\/mark><br><br><strong>Krankheitsbilder wie z.B. :<br><\/strong>\u2022 Schlaganfall<br>\u2022 MS<br>\u2022 Sch\u00e4del-Hirn Trauma<br>\u2022 Hirnblutung&nbsp;<br>\u2022 Parkinson<\/p>\n<\/div>\n\n\n\n<div class=\"wp-block-cb-slide-v2 cb-slide swiper-slide\">\n<h2 class=\"wp-block-heading has-text-align-left\"><strong><mark style=\"background-color:rgba(0, 0, 0, 0);color:#7967b9\" class=\"has-inline-color\"><strong>Manuelle Therapie<\/strong><\/mark><\/strong><br><\/h2>\n\n\n\n<p><mark style=\"background-color:rgba(0, 0, 0, 0);color:#7967b9\" class=\"has-inline-color\">Untersuchungs- und Behandlungstechnik, die sich mit dem Auffinden und Behandeln von Funktionsst\u00f6rungen am Bewegungsapparat befasst<br><br><strong>Anwendungsbereiche:<br><\/strong>\u2022 Orthop\u00e4die<br>\u2022 Chirurgie<br>\u2022 Bewegungseinschr\u00e4nkung eines Gelenkes oder der Wirbels\u00e4ule<\/mark><\/p>\n<\/div>\n\n\n\n<div class=\"wp-block-cb-slide-v2 cb-slide swiper-slide\">\n<h2 class=\"wp-block-heading has-text-align-left\"><strong>Kiefergelenks-behandlung CMD<\/strong><\/h2>\n\n\n\n<p>hierunter versteht man eine gest\u00f6rte Funktion im Zusammenspiel zwischen Ober- und Unterkiefer. Eine solche Fehlfunktion kann Auswirkungen auf den ganzen K\u00f6rper haben.<br><mark style=\"background-color:rgba(0, 0, 0, 0)\" class=\"has-inline-color has-ast-global-color-2-color\"><br><\/mark><strong><mark style=\"background-color:rgba(0, 0, 0, 0)\" class=\"has-inline-color has-ast-global-color-2-color\">M\u00f6gliche Symptome sind:<\/mark><br><\/strong><mark style=\"background-color:rgba(0, 0, 0, 0)\" class=\"has-inline-color has-ast-global-color-2-color\">\u2022 <\/mark>Gesichtsschmerzen<br><mark style=\"background-color:rgba(0, 0, 0, 0)\" class=\"has-inline-color has-ast-global-color-2-color\">\u2022 <\/mark>Z\u00e4hneknirschen<br><mark style=\"background-color:rgba(0, 0, 0, 0)\" class=\"has-inline-color has-ast-global-color-2-color\">\u2022 <\/mark>Ger\u00e4usche beim Kauen<br><mark style=\"background-color:rgba(0, 0, 0, 0)\" class=\"has-inline-color has-ast-global-color-2-color\">\u2022 <\/mark>Spannungskopfschmerzen<br><mark style=\"background-color:rgba(0, 0, 0, 0)\" class=\"has-inline-color has-ast-global-color-2-color\">\u2022 <\/mark>Nackenverspannungen<br><mark style=\"background-color:rgba(0, 0, 0, 0)\" class=\"has-inline-color has-ast-global-color-2-color\">\u2022 <\/mark>Tinitus<br><mark style=\"background-color:rgba(0, 0, 0, 0)\" class=\"has-inline-color has-ast-global-color-2-color\">\u2022 <\/mark>Ohrenschmerzen<br><br>Die Behandlung erfolgt mit sanften aber doch manchmal schmerzhaften Griffen im Gesicht an der Muskulatur sowie aber auch von innen (im Mundraum).<\/p>\n<\/div>\n\n\n\n<div class=\"wp-block-cb-slide-v2 cb-slide swiper-slide\">\n<h2 class=\"wp-block-heading has-text-align-left\"><strong><mark style=\"background-color:rgba(0, 0, 0, 0);color:#7967b9\" class=\"has-inline-color\"><strong>Manuelle Lymphdrainage<\/strong><\/mark><\/strong><br><\/h2>\n\n\n\n<p><mark style=\"background-color:rgba(0, 0, 0, 0);color:#7967b9\" class=\"has-inline-color\">Bestandteil der Physiotherapie sowie der komplexen Entstauungstherapie (KPE).<br>Sie unterst\u00fctzt den Lymphabfluss und entgiftet den K\u00f6rper.<\/mark><\/p>\n\n\n\n<p><strong><mark style=\"background-color:rgba(0, 0, 0, 0);color:#7967b9\" class=\"has-inline-color\">Angewandt wird die manuelle Lymphdrainage bei:<\/mark><\/strong><mark style=\"background-color:rgba(0, 0, 0, 0);color:#7967b9\" class=\"has-inline-color\"><br><br>\u2022 Verletzungen (Zerrung, Verstauchung)<br>\u2022 Nach Operationen<br>\u2022 Tumorbehandlung bzw. <br> Lymphknotenentfernung<br>\u2022 Verbrennungen<br>\u2022 sonstige Erkrankungen die eine Stauung hervorrufen<br>\u2022 Narbenmobilisation<\/mark><\/p>\n<\/div>\n\n\n\n<div class=\"wp-block-cb-slide-v2 cb-slide swiper-slide\">\n<h2 class=\"wp-block-heading has-text-align-left\"><strong>PNF<\/strong><br><\/h2>\n\n\n\n<p>Ziel ist es, krankhaft ver\u00e4nderte Bewegungsabl\u00e4ufe wieder einem gesunden Bewegungsmuster zur\u00fcck zu f\u00fchren.<\/p>\n\n\n\n<p><strong>Anwendungsgebiete nach:<mark style=\"background-color:rgba(0, 0, 0, 0)\" class=\"has-inline-color has-ast-global-color-2-color\"><br><\/mark><br><\/strong>\u2022 Verletzungen<br>\u2022 St\u00f6rungen des Bewegungsapparats<br>\u2022 Operationen<br>\u2022 neurologische Erkrankungen (Schlaganfall \/ MS \/ Parkinson usw.)<br><\/p>\n<\/div>\n\n\n\n<div class=\"wp-block-cb-slide-v2 cb-slide swiper-slide\">\n<h2 class=\"wp-block-heading has-text-align-left\"><strong><mark style=\"background-color:rgba(0, 0, 0, 0);color:#7967b9\" class=\"has-inline-color\">Faszienbehandlung<\/mark><\/strong><br><\/h2>\n\n\n\n<p><mark style=\"background-color:rgba(0, 0, 0, 0);color:#7967b9\" class=\"has-inline-color\">ein sehr effektives Behandlungskonzept, bei dem die Ursache f\u00fcr Schmerzen und Bewegungseinschr\u00e4nkungen auf eine Ver\u00e4nderung des Bindegewebes zur\u00fcckgef\u00fchrt wird.<\/mark><\/p>\n\n\n\n<p><mark style=\"background-color:rgba(0, 0, 0, 0);color:#7967b9\" class=\"has-inline-color\"><strong>Anwendungsbereiche<\/strong>:<\/mark><\/p>\n\n\n\n<p><mark style=\"background-color:rgba(0, 0, 0, 0);color:#7967b9\" class=\"has-inline-color\">\u2022 Schmerzen des Bewegungsapparates (Gelenke, Wirbels\u00e4ule, Muskulatur)<\/mark><\/p>\n<\/div>\n\n\n\n<div class=\"wp-block-cb-slide-v2 cb-slide swiper-slide\">\n<h2 class=\"wp-block-heading has-text-align-left\"><strong>Ganzheitliche Akupressur nach den 5 Elementen der Chinesischen Medizin<\/strong><\/h2>\n\n\n\n<p>Akupressur ist Akupunktur ohne Nadeln.<br>Ganzheitliche Akupressur richtet sich dabei nach den 5 Elementen der Chinesischen Medizin, die jeder Mensch in sich vereint:<br>Metall, Wasser, Holz, Feuer und Erde.<\/p>\n\n\n\n<p>Im Verlauf der Akupressur ver\u00e4ndert sich das Leben der Klienten oft generell:<\/p>\n\n\n\n<p>Mehr Klarheit, Kraft, Leichtigkeit, Lebensfreude, Vertrauen und Liebe werden m\u00f6glich.<\/p>\n<\/div>\n\n\n\n<div class=\"wp-block-cb-slide-v2 cb-slide swiper-slide\">\n<h2 class=\"wp-block-heading has-text-align-left\"><mark style=\"background-color:rgba(0, 0, 0, 0);color:#7967b9\" class=\"has-inline-color\"><strong>Kinesiologisches Taping<\/strong><br><\/mark><\/h2>\n\n\n\n<p><mark style=\"background-color:rgba(0, 0, 0, 0);color:#7967b9\" class=\"has-inline-color\"><strong>Kinesio Tape<\/strong> ist ein elastisches, selbstklebendes, therapeutisches Tape aus einem dehnbaren Material. Es dient als Erg\u00e4nzung zur Therapie.<\/mark><\/p>\n\n\n\n<p><mark style=\"background-color:rgba(0, 0, 0, 0);color:#7967b9\" class=\"has-inline-color\"><strong>Wird genutzt:<br><\/strong>\u2022 zum Entlasten der Muskulatur<br>\u2022 zur Narbenentst\u00f6rung<br>\u2022 um Lymphstau zu entlasten<br>\u2022 um Bluterg\u00fcsse schneller zu l\u00f6sen<br>\u2022 um Muskulatur unterst\u00fctzend bei Aktivit\u00e4t<br>\u2022 zur Haltungskorrektur<\/mark><\/p>\n<\/div>\n\n\n\n<div class=\"wp-block-cb-slide-v2 cb-slide swiper-slide\">\n<h2 class=\"wp-block-heading has-text-align-left\"><strong>Kinesiologie<\/strong><br><\/h2>\n\n\n\n<p><a href=\"https:\/\/physiopraxis-hollerbach.de\/?page_id=490\" data-type=\"page\" data-id=\"490\"><mark style=\"background-color:rgba(0, 0, 0, 0)\" class=\"has-inline-color has-ast-global-color-2-color\">mehr Infos<\/mark><\/a><\/p>\n<\/div>\n<\/div><\/div><div class=\"cb-pagination swiper-pagination\"><\/div><div class=\"cb-button-prev swiper-button-prev\"><\/div><div class=\"cb-button-next swiper-button-next\"><\/div><\/div>\n<\/div>\n<\/div><\/div>\n\n\n\n<p><\/p>\n","protected":false},"excerpt":{"rendered":"<p>F\u00fcr Erwachsene \u2013 gesund bewegen, nachhaltig st\u00e4rken Unser K\u00f6rper erz\u00e4hlt Geschichten \u2013 von Belastung, von Stress, von Gewohnheiten und vom [&hellip;]<\/p>\n","protected":false},"author":2,"featured_media":0,"parent":0,"menu_order":0,"comment_status":"closed","ping_status":"closed","template":"","meta":{"site-sidebar-layout":"default","site-content-layout":"","ast-site-content-layout":"default","site-content-style":"default","site-sidebar-style":"default","ast-global-header-display":"","ast-banner-title-visibility":"","ast-main-header-display":"","ast-hfb-above-header-display":"","ast-hfb-below-header-display":"","ast-hfb-mobile-header-display":"","site-post-title":"disabled","ast-breadcrumbs-content":"","ast-featured-img":"","footer-sml-layout":"","ast-disable-related-posts":"","theme-transparent-header-meta":"","adv-header-id-meta":"","stick-header-meta":"","header-above-stick-meta":"","header-main-stick-meta":"","header-below-stick-meta":"","astra-migrate-meta-layouts":"default","ast-page-background-enabled":"default","ast-page-background-meta":{"desktop":{"background-color":"var(--ast-global-color-5)","background-image":"","background-repeat":"repeat","background-position":"center center","background-size":"auto","background-attachment":"scroll","background-type":"","background-media":"","overlay-type":"","overlay-color":"","overlay-opacity":"","overlay-gradient":""},"tablet":{"background-color":"","background-image":"","background-repeat":"repeat","background-position":"center center","background-size":"auto","background-attachment":"scroll","background-type":"","background-media":"","overlay-type":"","overlay-color":"","overlay-opacity":"","overlay-gradient":""},"mobile":{"background-color":"","background-image":"","background-repeat":"repeat","background-position":"center center","background-size":"auto","background-attachment":"scroll","background-type":"","background-media":"","overlay-type":"","overlay-color":"","overlay-opacity":"","overlay-gradient":""}},"ast-content-background-meta":{"desktop":{"background-color":"var(--ast-global-color-4)","background-image":"","background-repeat":"repeat","background-position":"center center","background-size":"auto","background-attachment":"scroll","background-type":"","background-media":"","overlay-type":"","overlay-color":"","overlay-opacity":"","overlay-gradient":""},"tablet":{"background-color":"var(--ast-global-color-4)","background-image":"","background-repeat":"repeat","background-position":"center center","background-size":"auto","background-attachment":"scroll","background-type":"","background-media":"","overlay-type":"","overlay-color":"","overlay-opacity":"","overlay-gradient":""},"mobile":{"background-color":"var(--ast-global-color-4)","background-image":"","background-repeat":"repeat","background-position":"center center","background-size":"auto","background-attachment":"scroll","background-type":"","background-media":"","overlay-type":"","overlay-color":"","overlay-opacity":"","overlay-gradient":""}},"footnotes":""},"class_list":["post-478","page","type-page","status-publish","hentry"],"_links":{"self":[{"href":"https:\/\/physiopraxis-hollerbach.de\/index.php?rest_route=\/wp\/v2\/pages\/478","targetHints":{"allow":["GET"]}}],"collection":[{"href":"https:\/\/physiopraxis-hollerbach.de\/index.php?rest_route=\/wp\/v2\/pages"}],"about":[{"href":"https:\/\/physiopraxis-hollerbach.de\/index.php?rest_route=\/wp\/v2\/types\/page"}],"author":[{"embeddable":true,"href":"https:\/\/physiopraxis-hollerbach.de\/index.php?rest_route=\/wp\/v2\/users\/2"}],"replies":[{"embeddable":true,"href":"https:\/\/physiopraxis-hollerbach.de\/index.php?rest_route=%2Fwp%2Fv2%2Fcomments&post=478"}],"version-history":[{"count":8,"href":"https:\/\/physiopraxis-hollerbach.de\/index.php?rest_route=\/wp\/v2\/pages\/478\/revisions"}],"predecessor-version":[{"id":593,"href":"https:\/\/physiopraxis-hollerbach.de\/index.php?rest_route=\/wp\/v2\/pages\/478\/revisions\/593"}],"wp:attachment":[{"href":"https:\/\/physiopraxis-hollerbach.de\/index.php?rest_route=%2Fwp%2Fv2%2Fmedia&parent=478"}],"curies":[{"name":"wp","href":"https:\/\/api.w.org\/{rel}","templated":true}]}}